{"id":274,"date":"2016-09-13T11:27:58","date_gmt":"2016-09-13T11:27:58","guid":{"rendered":"https:\/\/moeller.kassel.design\/?page_id=274"},"modified":"2022-10-27T08:11:44","modified_gmt":"2022-10-27T08:11:44","slug":"modelle","status":"publish","type":"page","link":"https:\/\/moeller.kassel.design\/index.php\/modelle\/","title":{"rendered":"Modelle"},"content":{"rendered":"<p>[vc_row full_width=&#8220;stretch_row&#8220; css=&#8220;.vc_custom_1666735578033{background-color: #ffffff !important;}&#8220;][vc_column width=&#8220;1\/2&#8243;][vc_empty_space height=&#8220;94px&#8220;]<div id=\"sc_slider_1215072753\" class=\"sc_slider sc_slider_swiper swiper-slider-container sc_slider_nocontrols sc_slider_pagination sc_slider_bg\" data-interval=\"4000\" style=\"width:100%;\"><div class=\"slides swiper-wrapper\" style=\"\"><div class=\"swiper-slide\" style=\"background-image:url(https:\/\/moeller.kassel.design\/wp-content\/uploads\/2022\/10\/Megane_E_Tech02_570.jpg);width:100%;\"><\/div><div class=\"swiper-slide\" style=\"background-image:url(https:\/\/moeller.kassel.design\/wp-content\/uploads\/2022\/10\/Megane_E_Tech04.jpg);width:100%;\"><\/div><div class=\"swiper-slide\" style=\"background-image:url(https:\/\/moeller.kassel.design\/wp-content\/uploads\/2022\/10\/Megane_E_Tech06.jpg);width:100%;\"><\/div><\/div><div class=\"sc_slider_pagination_wrap\"><\/div><\/div>[\/vc_column][vc_column width=&#8220;1\/2&#8243;]<h4 class=\"sc_title sc_title_underline\">MEGANE E-TECH 100% ELEKTRISCH<\/h4><span class=\"sc_highlight\" style=\"color:#1792d7;background-color:#ffffff;\">Elektro<\/span>[vc_empty_space height=&#8220;15px&#8220;][vc_column_text]Der Megane E-Tech 100% elektrisch begleitet Sie, wohin auch immer Sie fahren m\u00f6chten. Dank der Forschungs- und Entwicklungskompetenz von Renault bietet er eine Reichweite von bis zu 470* km (300 km mit der 40-kW-Batterie).[\/vc_column_text][vc_empty_space height=&#8220;15px&#8220;]<a href=\"https:\/\/www.renault.de\/\" target=\"https:\/\/www.renault.de\/\" class=\"sc_button sc_button_square sc_button_style_filled_light sc_button_size_small\" style=\"background-color:#fbc316; border-color:#fbc316;\">RENAULT WEBSITE<\/a>[\/vc_column][\/vc_row][vc_row full_width=&#8220;stretch_row&#8220; css=&#8220;.vc_custom_1666735578033{background-color: #ffffff !important;}&#8220;][vc_column width=&#8220;1\/2&#8243;][vc_empty_space height=&#8220;94px&#8220;]<div id=\"sc_slider_1671699560\" class=\"sc_slider sc_slider_swiper swiper-slider-container sc_slider_nocontrols sc_slider_pagination sc_slider_bg\" data-interval=\"4000\" style=\"width:100%;\"><div class=\"slides swiper-wrapper\" style=\"\"><div class=\"swiper-slide\" style=\"background-image:url(https:\/\/moeller.kassel.design\/wp-content\/uploads\/2022\/10\/ZOE_Etech1.jpg);width:100%;\"><\/div><div class=\"swiper-slide\" style=\"background-image:url(https:\/\/moeller.kassel.design\/wp-content\/uploads\/2022\/10\/ZOE_Etech3.jpg);width:100%;\"><\/div><div class=\"swiper-slide\" style=\"background-image:url(https:\/\/moeller.kassel.design\/wp-content\/uploads\/2022\/10\/ZOE_Etech2.jpg);width:100%;\"><\/div><\/div><div class=\"sc_slider_pagination_wrap\"><\/div><\/div>[\/vc_column][vc_column width=&#8220;1\/2&#8243;]<h4 class=\"sc_title sc_title_underline\">ZOE E-TECH 100% ELEKTRISCH<\/h4><span class=\"sc_highlight\" style=\"color:#1792d7;background-color:#ffffff;\">Elektro<\/span>[vc_empty_space height=&#8220;15px&#8220;][vc_column_text]Mit seiner noch leistungsst\u00e4rkeren 50 kWh Batterie bietet Ihnen der Renault ZOE E-Tech 100% elektrisch eine rekordverd\u00e4chtige Reichweite von bis zu 395 km*. Dank dem Combined Charging System (CCS), das mit bis zu 50 kW Gleichstrom laden kann, l\u00e4dt der ZOE E-Tech 100% elektrisch seine Batterie in lediglich 30 Minuten um mehr als 150 km.[\/vc_column_text][vc_empty_space height=&#8220;15px&#8220;]<a href=\"#\" class=\"sc_button sc_button_square sc_button_style_filled_light sc_button_size_small\" style=\"background-color:#fbc316; border-color:#fbc316;\">RENAULT WEBSITE<\/a>[\/vc_column][\/vc_row][vc_row full_width=&#8220;stretch_row&#8220; css=&#8220;.vc_custom_1666735578033{background-color: #ffffff !important;}&#8220;][vc_column width=&#8220;1\/2&#8243;][vc_empty_space height=&#8220;94px&#8220;]<div id=\"sc_slider_543107874\" class=\"sc_slider sc_slider_swiper swiper-slider-container sc_slider_nocontrols sc_slider_pagination sc_slider_bg\" data-interval=\"4000\" style=\"width:100%;\"><div class=\"slides swiper-wrapper\" style=\"\"><div class=\"swiper-slide\" style=\"background-image:url(https:\/\/moeller.kassel.design\/wp-content\/uploads\/2022\/10\/Twingo_ZE_01.jpg);width:100%;\"><\/div><div class=\"swiper-slide\" style=\"background-image:url(https:\/\/moeller.kassel.design\/wp-content\/uploads\/2022\/10\/Twingo_ZE_02.jpg);width:100%;\"><\/div><div class=\"swiper-slide\" style=\"background-image:url(https:\/\/moeller.kassel.design\/wp-content\/uploads\/2022\/10\/Twingo_ZE_03.jpg);width:100%;\"><\/div><\/div><div class=\"sc_slider_pagination_wrap\"><\/div><\/div>[\/vc_column][vc_column width=&#8220;1\/2&#8243;]<h4 class=\"sc_title sc_title_underline\">TWINGO E-TECH 100% ELEKTRISCH<\/h4><span class=\"sc_highlight\" style=\"color:#1792d7;background-color:#ffffff;\">Elektro<\/span>[vc_empty_space height=&#8220;15px&#8220;][vc_column_text]Meistern Sie den Stadtverkehr entspannt mit dem Twingo E-Tech 100% elektrisch! Er liefert eine Leistung von 60 kW* (81 PS) und 160 Nm* sofort verf\u00fcgbares Drehmoment und das in einem kompakten Format und mit dem besten Wendekreis in seiner Klasse. Er vereint die Agilit\u00e4t eines Stadtautos und das Ansprechverhalten eines Elektromotors perfekt.[\/vc_column_text][vc_empty_space height=&#8220;15px&#8220;]<a href=\"#\" class=\"sc_button sc_button_square sc_button_style_filled_light sc_button_size_small\" style=\"background-color:#fbc316; border-color:#fbc316;\">RENAULT WEBSITE<\/a>[\/vc_column][\/vc_row][vc_row full_width=&#8220;stretch_row&#8220; css=&#8220;.vc_custom_1666735578033{background-color: #ffffff !important;}&#8220;][vc_column width=&#8220;1\/2&#8243;][vc_empty_space height=&#8220;94px&#8220;]<div id=\"sc_slider_1802708681\" class=\"sc_slider sc_slider_swiper swiper-slider-container sc_slider_nocontrols sc_slider_pagination sc_slider_bg\" data-interval=\"4000\" style=\"width:100%;\"><div class=\"slides swiper-wrapper\" style=\"\"><div class=\"swiper-slide\" style=\"background-image:url(https:\/\/moeller.kassel.design\/wp-content\/uploads\/2022\/10\/Twizzy1.jpg);width:100%;\"><\/div><div class=\"swiper-slide\" style=\"background-image:url(https:\/\/moeller.kassel.design\/wp-content\/uploads\/2022\/10\/Twizzy4.jpg);width:100%;\"><\/div><div class=\"swiper-slide\" style=\"background-image:url(https:\/\/moeller.kassel.design\/wp-content\/uploads\/2022\/10\/Twizzy3.jpg);width:100%;\"><\/div><\/div><div class=\"sc_slider_pagination_wrap\"><\/div><\/div>[\/vc_column][vc_column width=&#8220;1\/2&#8243;]<h4 class=\"sc_title sc_title_underline\">TWIZY<\/h4><span class=\"sc_highlight\" style=\"color:#1792d7;background-color:#ffffff;\">Elektro<\/span>[vc_empty_space height=&#8220;15px&#8220;][vc_column_text]<\/p>\n<div class=\"AemRTE MosaicGallery__body\">\n<p>Sein einzigartiges Design macht den Twizy unwiderstehlich und die Parkplatzsuche einfach.\u00a0Nicht breiter als zwei Arml\u00e4ngen, bietet er zwei Pl\u00e4tze, vier R\u00e4der und unz\u00e4hlige M\u00f6glichkeiten, ihn nach Ihren Vorstellungen zu personalisieren.<\/p>\n<\/div>\n<p>[\/vc_column_text][vc_empty_space height=&#8220;15px&#8220;]<a href=\"#\" class=\"sc_button sc_button_square sc_button_style_filled_light sc_button_size_small\" style=\"background-color:#fbc316; border-color:#fbc316;\">RENAULT WEBSITE<\/a>[\/vc_column][\/vc_row][vc_row full_width=&#8220;stretch_row&#8220; css=&#8220;.vc_custom_1666735578033{background-color: #ffffff !important;}&#8220;][vc_column width=&#8220;1\/2&#8243;][vc_empty_space height=&#8220;94px&#8220;]<div id=\"sc_slider_1459261690\" class=\"sc_slider sc_slider_swiper swiper-slider-container sc_slider_nocontrols sc_slider_pagination sc_slider_bg\" data-interval=\"4000\" style=\"width:100%;\"><div class=\"slides swiper-wrapper\" style=\"\"><div class=\"swiper-slide\" style=\"background-image:url(https:\/\/moeller.kassel.design\/wp-content\/uploads\/2022\/10\/Austral02.jpg);width:100%;\"><\/div><div class=\"swiper-slide\" style=\"background-image:url(https:\/\/moeller.kassel.design\/wp-content\/uploads\/2022\/10\/Austral03.jpg);width:100%;\"><\/div><div class=\"swiper-slide\" style=\"background-image:url(https:\/\/moeller.kassel.design\/wp-content\/uploads\/2022\/10\/Austral04.jpg);width:100%;\"><\/div><\/div><div class=\"sc_slider_pagination_wrap\"><\/div><\/div>[\/vc_column][vc_column width=&#8220;1\/2&#8243;]<h4 class=\"sc_title sc_title_underline\">AUSTRAL<\/h4><span class=\"sc_highlight\" style=\"color:#1792d7;background-color:#ffffff;\">Verf\u00fcgbar als: Hybrid<\/span>[vc_empty_space height=&#8220;15px&#8220;][vc_column_text]Der neue Renault Austral E-Tech Full Hybrid \u00fcberzeugt mit ausgewogenen Proportionen, einer auff\u00e4lligen Front und einer charakteristischen Lichtsignatur. Seine elegante Linienf\u00fchrung wird durch ein schwarz gl\u00e4nzendes Dach betont, seitliche Schutzelemente in Kontrastfarbe unterstreichen sein robustes Profil.[\/vc_column_text][vc_empty_space height=&#8220;15px&#8220;]<a href=\"https:\/\/www.renault.de\/\" target=\"https:\/\/www.renault.de\/\" class=\"sc_button sc_button_square sc_button_style_filled_light sc_button_size_small\" style=\"background-color:#fbc316; border-color:#fbc316;\">RENAULT WEBSITE<\/a>[\/vc_column][\/vc_row][vc_row full_width=&#8220;stretch_row&#8220; css=&#8220;.vc_custom_1666735578033{background-color: #ffffff !important;}&#8220;][vc_column width=&#8220;1\/2&#8243;][vc_empty_space height=&#8220;94px&#8220;]<div id=\"sc_slider_1579046331\" class=\"sc_slider sc_slider_swiper swiper-slider-container sc_slider_nocontrols sc_slider_pagination sc_slider_bg\" data-interval=\"4000\" style=\"width:100%;\"><div class=\"slides swiper-wrapper\" style=\"\"><div class=\"swiper-slide\" style=\"background-image:url(https:\/\/moeller.kassel.design\/wp-content\/uploads\/2022\/10\/Austral02.jpg);width:100%;\"><\/div><div class=\"swiper-slide\" style=\"background-image:url(https:\/\/moeller.kassel.design\/wp-content\/uploads\/2022\/10\/Austral03.jpg);width:100%;\"><\/div><div class=\"swiper-slide\" style=\"background-image:url(https:\/\/moeller.kassel.design\/wp-content\/uploads\/2022\/10\/Austral04.jpg);width:100%;\"><\/div><\/div><div class=\"sc_slider_pagination_wrap\"><\/div><\/div>[\/vc_column][vc_column width=&#8220;1\/2&#8243;]<h4 class=\"sc_title sc_title_underline\">MEGANE<\/h4><span class=\"sc_highlight\" style=\"color:#1792d7;background-color:#ffffff;\">Verf\u00fcgbar als: Plug-in Hybrid<\/span>[vc_empty_space height=&#8220;15px&#8220;][vc_column_text]Harmonische Linien, schnittige Formen und ein edler letzter Schliff \u2026 Attraktiv und dynamisch setzt der Megane klare Akzente und pr\u00e4sentiert seine noch elegantere Silhouette und seinen Hightech-Innenraum. Sind Sie bereit, die Blicke auf sich zu ziehen?[\/vc_column_text][vc_empty_space height=&#8220;15px&#8220;]<a href=\"#\" class=\"sc_button sc_button_square sc_button_style_filled_light sc_button_size_small\" style=\"background-color:#fbc316; border-color:#fbc316;\">RENAULT WEBSITE<\/a>[\/vc_column][\/vc_row][vc_row][vc_column][vc_empty_space height=&#8220;94px&#8220;][\/vc_column][\/vc_row]<\/p>\n","protected":false},"excerpt":{"rendered":"<p>[vc_row full_width=&#8220;stretch_row&#8220; css=&#8220;.vc_custom_1666735578033{background-color: #ffffff !important;}&#8220;][vc_column width=&#8220;1\/2&#8243;][vc_empty_space height=&#8220;94px&#8220;][\/vc_column][vc_column width=&#8220;1\/2&#8243;][vc_empty_space height=&#8220;15px&#8220;][vc_column_text]Der Megane E-Tech 100% elektrisch begleitet Sie, wohin auch immer Sie fahren m\u00f6chten. Dank der Forschungs- und Entwicklungskompetenz von Renault bietet er eine Reichweite von bis zu 470* km (300 km mit der 40-kW-Batterie).[\/vc_column_text][vc_empty_space height=&#8220;15px&#8220;][\/vc_column][\/vc_row][vc_row full_width=&#8220;stretch_row&#8220; css=&#8220;.vc_custom_1666735578033{background-color: #ffffff !important;}&#8220;][vc_column width=&#8220;1\/2&#8243;][vc_empty_space height=&#8220;94px&#8220;][\/vc_column][vc_column width=&#8220;1\/2&#8243;][vc_empty_space height=&#8220;15px&#8220;][vc_column_text]Mit seiner noch leistungsst\u00e4rkeren 50 [&hellip;]<\/p>\n","protected":false},"author":1,"featured_media":0,"parent":0,"menu_order":0,"comment_status":"closed","ping_status":"closed","template":"","meta":{"footnotes":""},"class_list":["post-274","page","type-page","status-publish","hentry"],"_links":{"self":[{"href":"https:\/\/moeller.kassel.design\/index.php\/wp-json\/wp\/v2\/pages\/274"}],"collection":[{"href":"https:\/\/moeller.kassel.design\/index.php\/wp-json\/wp\/v2\/pages"}],"about":[{"href":"https:\/\/moeller.kassel.design\/index.php\/wp-json\/wp\/v2\/types\/page"}],"author":[{"embeddable":true,"href":"https:\/\/moeller.kassel.design\/index.php\/wp-json\/wp\/v2\/users\/1"}],"replies":[{"embeddable":true,"href":"https:\/\/moeller.kassel.design\/index.php\/wp-json\/wp\/v2\/comments?post=274"}],"version-history":[{"count":116,"href":"https:\/\/moeller.kassel.design\/index.php\/wp-json\/wp\/v2\/pages\/274\/revisions"}],"predecessor-version":[{"id":1513,"href":"https:\/\/moeller.kassel.design\/index.php\/wp-json\/wp\/v2\/pages\/274\/revisions\/1513"}],"wp:attachment":[{"href":"https:\/\/moeller.kassel.design\/index.php\/wp-json\/wp\/v2\/media?parent=274"}],"curies":[{"name":"wp","href":"https:\/\/api.w.org\/{rel}","templated":true}]}}