{"id":1571,"date":"2022-12-27T14:57:52","date_gmt":"2022-12-27T14:57:52","guid":{"rendered":"https:\/\/moeller.kassel.design\/?page_id=1571"},"modified":"2022-12-28T10:38:16","modified_gmt":"2022-12-28T10:38:16","slug":"impressum","status":"publish","type":"page","link":"https:\/\/moeller.kassel.design\/index.php\/impressum\/","title":{"rendered":"Impressum"},"content":{"rendered":"<p>[vc_row][vc_column]<div class=\"sc_section sc_section_block \"><div class=\"sc_section_inner\"><div class=\"sc_section_content_wrap\">[vc_column_text]<\/p>\n<h2>Impressum<\/h2>\n<p><strong>Angaben gem\u00e4\u00df \u00a7 5 TMG<\/strong><\/p>\n<p>Heinrich K. M\u00f6ller GmbH &amp; Co.<br \/>\nLandmaschinen- KFZ-Handels- und Service KG<\/p>\n<p>Im Tor 14<br \/>\n34308 Bad Emstal-Balhorn<\/p>\n<p>Telefon: +49 (0) 56 25 &#8211; 8 50<br \/>\nFax: +49 (0) 56 25 &#8211; 71 72<br \/>\nEmail: <a href=\"mailto:mail@hk-moeller.de\">mail@hk-moeller.de<\/a><\/p>\n<p>Gesch\u00e4ftsf\u00fchrer: Michael M\u00f6ller<br \/>\nRegistergericht: Amtsgericht Kassel<br \/>\nRegisternummer: HRA 15017<\/p>\n<p>Steuer-Nr. 026 347 000 64<br \/>\nUSt-IdNr.: DE 113028002[\/vc_column_text][vc_empty_space][vc_separator border_width=&#8220;2&#8243;]<\/div><\/div><\/div>[\/vc_column][\/vc_row][vc_row][vc_column]<div class=\"sc_section sc_section_block \"><div class=\"sc_section_inner\"><div class=\"sc_section_content_wrap\">[vc_empty_space][vc_column_text]<strong>Verantwortlich gem\u00e4\u00df \u00a7 18 MStV:<\/strong><\/p>\n<p>Michael M\u00f6ller<\/p>\n<p>Im Tor 14<br \/>\n34308 Bad Emstal-Balhorn<\/p>\n<p>Telefon: +49 (0) 56 25 &#8211; 8 50<br \/>\nFax: +49 (0) 56 25 &#8211; 71 72<br \/>\nEmail: <a href=\"mailto:mail@hk-moeller.de\">mail@hk-moeller.de<\/a>[\/vc_column_text][vc_empty_space][vc_separator border_width=&#8220;2&#8243;][vc_empty_space]<\/div><\/div><\/div>[\/vc_column][\/vc_row][vc_row][vc_column]<div class=\"sc_section sc_section_block \"><div class=\"sc_section_inner\"><div class=\"sc_section_content_wrap\">[vc_empty_space][vc_column_text]<strong>Verbraucher\u00adstreit\u00adbeilegung\/Universal\u00adschlichtungs\u00adstelle<\/strong><\/p>\n<p>Wir sind nicht bereit oder verpflichtet, an Streitbeilegungsverfahren vor einer Verbraucherschlichtungsstelle teilzunehmen.<\/p>\n<p><strong>Haftung f\u00fcr Inhalte<\/strong><\/p>\n<p>Als Diensteanbieter sind wir gem\u00e4\u00df \u00a7 7 Abs.1 TMG f\u00fcr eigene Inhalte auf diesen Seiten nach den allgemeinen Gesetzen verantwortlich. Nach \u00a7\u00a7 8 bis 10 TMG sind wir als Diensteanbieter jedoch nicht verpflichtet, \u00fcbermittelte oder gespeicherte fremde Informationen zu \u00fcberwachen oder nach Umst\u00e4nden zu forschen, die auf eine rechtswidrige T\u00e4tigkeit hinweisen.<br \/>\nVerpflichtungen zur Entfernung oder Sperrung der Nutzung von Informationen nach den allgemeinen Gesetzen bleiben hiervon unber\u00fchrt. Eine diesbez\u00fcgliche Haftung ist jedoch erst ab dem Zeitpunkt der Kenntnis einer konkreten Rechtsverletzung m\u00f6glich. Bei Bekanntwerden von entsprechenden Rechtsverletzungen werden wir diese Inhalte umgehend entfernen.<\/p>\n<p><strong>Haftung f\u00fcr Links<\/strong><\/p>\n<p>Unser Angebot enth\u00e4lt Links zu externen Websites Dritter, auf deren Inhalte wir keinen Einfluss haben. Deshalb k\u00f6nnen wir f\u00fcr diese fremden Inhalte auch keine Gew\u00e4hr \u00fcbernehmen. F\u00fcr die Inhalte der verlinkten Seiten ist stets der jeweilige Anbieter oder Betreiber der Seiten verantwortlich. Die verlinkten Seiten wurden zum Zeitpunkt der Verlinkung auf m\u00f6gliche Rechtsverst\u00f6\u00dfe \u00fcberpr\u00fcft. Rechtswidrige Inhalte waren zum Zeitpunkt der Verlinkung nicht erkennbar. Eine permanente inhaltliche Kontrolle der verlinkten Seiten ist jedoch ohne konkrete Anhaltspunkte einer Rechtsverletzung nicht zumutbar. Bei Bekanntwerden von Rechtsverletzungen werden wir derartige Links<br \/>\numgehend entfernen.<\/p>\n<p><strong>Urheberrecht<\/strong><\/p>\n<p>Die durch die Seitenbetreiber erstellten Inhalte und Werke auf diesen Seiten unterliegen dem deutschen Urheberrecht. Die Vervielf\u00e4ltigung, Bearbeitung, Verbreitung und jede Art der Verwertung au\u00dferhalb der Grenzen des Urheberrechtes bed\u00fcrfen der schriftlichen Zustimmung des jeweiligen Autors bzw. Erstellers. Downloads und Kopien dieser Seite sind nur f\u00fcr den privaten, nicht kommerziellen Gebrauch gestattet. Soweit die Inhalte auf dieser Seite nicht vom Betreiber erstellt wurden, werden die Urheberrechte Dritter beachtet. Insbesondere werden Inhalte Dritter als solche gekennzeichnet. Sollten Sie trotzdem auf eine Urheberrechtsverletzung aufmerksam werden, bitten wir um einen entsprechenden Hinweis. Bei Bekanntwerden von Rechtsverletzungen werden wir derartige Inhalte umgehend entfernen.<\/p>\n<p><strong>Erstellung der Website<br \/>\n<\/strong><\/p>\n<p><a href=\"http:\/\/www.thevisionx.com\">THEVISIONX &#8211; Werbeagentur<\/a><br \/>\nMarc Freiberg<br \/>\nAm Sandkopf 71<br \/>\n34127 Kassel<\/p>\n<p><strong>Copyright<\/strong><\/p>\n<p><span class=\"color_11\">\u00a9 Heinrich K. M\u00f6ller GmbH &amp; Co. Landmaschinen- KFZ-Handels- und Service KG Alle Rechte vorbehalten. Inhalt und Struktur dieser Website sind urheberrechtlich gesch\u00fctzt. Die Vervielf\u00e4ltigung von Informationen oder Daten, insbesondere die Verwendung von Texten, Grafiken, Bildmaterial, Ton-, Video- und Animationsdateien bedarf, sofern nicht ausdr\u00fccklich anders gekennzeichnet, der vorherigen Zustimmung der Heinrich K. M\u00f6ller GmbH &amp; Co. Landmaschinen- KFZ-Handels- und Service KG.<\/span><\/p>\n<p>[\/vc_column_text][vc_empty_space]<\/div><\/div><\/div>[\/vc_column][\/vc_row]<\/p>\n","protected":false},"excerpt":{"rendered":"<p>[vc_row][vc_column][\/vc_column][\/vc_row][vc_row][vc_column][\/vc_column][\/vc_row][vc_row][vc_column][\/vc_column][\/vc_row]<\/p>\n","protected":false},"author":990002,"featured_media":0,"parent":0,"menu_order":0,"comment_status":"closed","ping_status":"closed","template":"","meta":{"footnotes":""},"class_list":["post-1571","page","type-page","status-publish","hentry"],"_links":{"self":[{"href":"https:\/\/moeller.kassel.design\/index.php\/wp-json\/wp\/v2\/pages\/1571"}],"collection":[{"href":"https:\/\/moeller.kassel.design\/index.php\/wp-json\/wp\/v2\/pages"}],"about":[{"href":"https:\/\/moeller.kassel.design\/index.php\/wp-json\/wp\/v2\/types\/page"}],"author":[{"embeddable":true,"href":"https:\/\/moeller.kassel.design\/index.php\/wp-json\/wp\/v2\/users\/990002"}],"replies":[{"embeddable":true,"href":"https:\/\/moeller.kassel.design\/index.php\/wp-json\/wp\/v2\/comments?post=1571"}],"version-history":[{"count":21,"href":"https:\/\/moeller.kassel.design\/index.php\/wp-json\/wp\/v2\/pages\/1571\/revisions"}],"predecessor-version":[{"id":1634,"href":"https:\/\/moeller.kassel.design\/index.php\/wp-json\/wp\/v2\/pages\/1571\/revisions\/1634"}],"wp:attachment":[{"href":"https:\/\/moeller.kassel.design\/index.php\/wp-json\/wp\/v2\/media?parent=1571"}],"curies":[{"name":"wp","href":"https:\/\/api.w.org\/{rel}","templated":true}]}}